s**2 - 5*s - 9. Let n(x) = v*b(x) + 3*p(x). Calculate n(2).
-5
Let h(s) = 4*s + 157. Let x be h(-37). Let y(p) = x - 23 + 8 + 5 - 5*p + 8*p. Calculate y(-3).
-10
Let u(x) = 8*x + 11. Let z(q) = -19*q - 20. Let p(f) = 7*u(f) + 3*z(f). What is p(17)?
0
Let y(m) = m**3 + 2*m**2 - 10*m - 18. Suppose -65*s - 316 - 9 = 0. Calculate y(s).
-43
Suppose -15*w + 30 = -21*w. Let o be -1 - (0/(-4) - w). Let g(v) = v**3 + 7*v**2 + 2*v + 5. What is g(o)?
29
Let h(k) be the first derivative of k**2 + 36*k - 14766. What is h(-28)?
-20
Let m = -29 - -31. Suppose 4*n - 18 = -m. Let a(p) = p**2 - 6*p + 6*p + p + n. Give a(0).
4
Let k(v) = -2*v**3 + 168*v**2 - 169*v + 242. Let z be k(83). Let n(x) = x**2 - 4*x - 84. What is n(z)?
-7
Let h(d) be the second derivative of -d**3/6 + d**2 + 57628*d. Let v be (-1 + 3)*(2 - 4). Give h(v).
6
Let s(x) = 5*x + 54*x**3 - 55*x**3 - 3*x**2 - 7*x - 3*x**2 + 7*x**2. Determine s(1).
-2
Let n(w) = -2*w**2 + 1. Suppose 5*b = 10*b + 4*u + 7, 5 = 2*b - u. Let s be (14/4 + b/(-2))*-1. Give n(s).
-17
Let o be 2*(8 + ((-540)/24 - -13)). Let x(y) = y**3 + 3*y**2 + 2*y + 5. Let a(p) = 1. Let q(c) = -2*a(c) + x(c). Calculate q(o).
-3
Suppose 8*v - 36 = 20. Let c(s) = 18 - 20*s**2 + 12*s**2 + 20*s - 15*s**2 + v*s**2 + 15*s**2. What is c(21)?
-3
Let d(m) be the first derivative of m**4/4 - 4*m**3/3 + m**2 - 9*m - 551. Let k be (-3 - 29/(-4)) + (-5)/20. Determine d(k).
-1
Let x(b) = -414*b - 81. Let h be x(-2). Let s = 756 - h. Let d(w) = w**2 - 9*w - 8. Determine d(s).
-8
Let d = 2 + 1. Suppose d*i = -2*i + 25. Let b(s) = 2*s**3 - 3 + i*s - 3*s + 4. What is b(-1)?
-3
Let d = 1392 + -1379. Let v(x) = -x**3 + 14*x**2 - 19*x + 2. Give v(d).
-76
Let a(x) be the second derivative of x**5/20 - 2*x**4/3 - 7*x**3/3 + 9*x**2 - 12143*x. What is a(10)?
78
Let r(a) = -a**2 - 6. Let k(w) = -7*w**2 - 73*w - 162. Let b be k(-7). What is r(b)?
-42
Suppose -1861 - 3823 = -386*v - 1052. Let n(a) = 9*a**2 - 107*a - 2. Calculate n(v).
10
Let x(g) = g**3 - g + 3. Let s be x(0). Let n(u) = -4*u - 8 + 6 - 7 + u**2 + 14 + 0*u. Calculate n(s).
2
Let a(n) = -6*n - 3. Let m(x) = x + 3. Let z(v) = 5*v + 10. Let u(b) = 4*m(b) - z(b). Let y(c) = a(c) + 2*u(c). Give y(-3).
25
Let l(p) = 64*p - 1537. Let g be l(24). Let z(j) = -8*j**3 - 3*j - 2. Give z(g).
9
Let n(j) be the second derivative of j**5/20 + 2*j**4/3 - 3*j**2 + 62*j + 1. Calculate n(-8).
-6
Let v = -537 + 540. Let i(z) = -2*z**3 + 2*z**2 + 13*z - 8. Let k be i(v). Let f(u) = 7*u + 7. Calculate f(k).
-28
Suppose 116 = 17*u + 31. Suppose 0 = q - 5*m - 8, 2*m = -3*m - u. Let g(j) = j**2 - 4*j - 3. Determine g(q).
-6
Let y be ((-4224)/80)/((-4)/(-50)). Let o = y - -646. Let u(d) = d + 12. What is u(o)?
-2
Let h(j) be the third derivative of -5*j**4/12 + 15*j**3/2 + 411*j**2 + 2. Determine h(3).
15
Suppose -f - 4 = -1. Let m(j) = -2*j**2 - 19*j + 65. Let z(g) = 3*g - 11. Let r(u) = -m(u) - 6*z(u). Determine r(f).
16
Let m = -126 - -147. Suppose -3*f = -4*y - y - m, 2*y - 3*f = -3. Let j(h) = 6*h - 2. Calculate j(y).
-38
Let x(z) = -16 + 12 + 8*z - 4*z + z**2 - 4*z - 2*z. What is x(-3)?
11
Let l be (-42)/(-12)*(792/63 - 12). Let j(q) = 9*q**3 - q**2 + 4*q. Give j(l).
76
Suppose h - 10 = 66. Let w be 9*(-16)/6*(-19)/h. Let t(x) = -3*x + 10. Calculate t(w).
-8
Let q(l) = l**3 + 7*l**2 - l - 9. Let m = 9551 - 9558. Determine q(m).
-2
Let w(j) = 8*j + 3. Let o(m) = 7*m + 2. Let x(z) = 5*o(z) - 4*w(z). Suppose 0 = 27*g - 34*g - 1568. Let q = -221 - g. Give x(q).
7
Let l be (4 - (-130)/39)/((-32)/(-48)). Let v(i) = i - 28. What is v(l)?
-17
Suppose 3*v - 9 = -5*g, g + 15 = -4*g + 5*v. Let n be (g - -2)/(5/(-40)). Let m(d) = d**2 + 17*d + 12. Let h be m(n). Let s(c) = -4*c + 2. Give s(h).
18
Suppose 5*g = -13*s + 14*s + 26, g + s - 10 = 0. Let h(m) = 5*m**2 - 25*m - 3. Give h(g).
27
Suppose n + 33 = 5*u + 11, 5*u - 10 = -5*n. Let k(h) = 54*h**2 - 153*h. Let j(b) = -11*b**2 + 32*b. Let c(i) = 24*j(i) + 5*k(i). Give c(n).
18
Suppose -2*d + 5 = -d. Let y(c) be the third derivative of -c**5/60 + c**4/6 + 7*c**3/6 - 6123*c**2. Determine y(d).
2
Let t(r) = -r**2 + 2*r + 2. Let i(m) = -m**2 + 3*m + 3. Let w(c) = -5*i(c) + 6*t(c). Suppose -204*y + 38 = -4*z - 203*y, -2*z = y + 10. Give w(z).
-43
Let m(z) = -7 + 2*z + z**2 - 1 + 2*z**2 - 5*z. Calculate m(-2).
10
Let u(j) be the first derivative of -j**2/2 + 5*j - 594. Suppose -4*v = 9 + 15. Calculate u(v).
11
Let p(q) be the third derivative of -q**5/60 + q**4/2 + 31*q**3/2 - 10*q**2 - 10*q + 6. What is p(18)?
-15
Let x(l) = 36*l - 26. Let c(f) = -25*f + 27. Let b(d) = -4*c(d) - 3*x(d). Give b(-4).
2
Let l(t) be the first derivative of t**3 - 5*t - 4604. What is l(5)?
70
Let s(f) = f**3 + 4. Let g be s(0). Let q(j) = 22*j + 87. Let p be q(0). Let y(m) = -2*m**2 + 89*m - p*m + 2*m**2 - m**3 - 2 + 3*m**2. Calculate y(g).
-10
Let r(b) = 3*b**2 + 39*b - 30. Let j be r(-14). Let k(t) = -13*t + j*t**2 - 24*t**2 + 4*t + 13*t**2 - 21. Give k(11).
1
Suppose 61*s = 58*s + 72. Suppose s = -3*k + 3*m, 0*k = 5*k + m + 28. Let y(r) = -4*r - 5. Determine y(k).
19
Let h(n) = -6 + 7477*n + 1 - 628*n**2 + 620*n**2 - 7473*n + n**3. Let g = 14 + -6. Give h(g).
27
Let c(r) be the first derivative of -37*r**2/2 + 8*r + 4846. Calculate c(-1).
45
Let z(t) = 7*t + 67. Let s(j) = 23*j + 203. Let v(i) = 2*s(i) - 7*z(i). Let f be v(-21). Let k(d) be the first derivative of d**2/2 + 11*d - 2. Calculate k(f).
11
Let s(n) = n - 7. Let a = -2121 + 683. Let m be (-5 - a/14) + 4/14. Let x = m + -104. What is s(x)?
-13
Let b(i) be the first derivative of 154 - 1/4*i**4 + 4/3*i**3 - 1/2*i**2 + 5*i. Calculate b(4).
1
Let q(m) = m + 2. Let b(n) = -n**2 - 22*n - 8. Let f be b(-21). Suppose -18*c + f*c = 10. Calculate q(c).
0
Let b(z) = -z**2 + 11. Let n be (1 + 1)*21/14. Let l be b(n). Let j(x) = 6*x + 6 - 16*x + x**l + 7 - 9. Calculate j(10).
4
Suppose 4*m - 9 = -1. Let o(s) = -5 + 12*s + s**m - 13*s + 13. What is o(0)?
8
Let n be ((2 - 2)/(-2))/(-1). Let d be n/(-7 + 5) - -2. Let l(j) = j**2 - j - 3. Let z(p) = -1. Let r(u) = -2*l(u) + 7*z(u). Give r(d).
-5
Let j(a) be the third derivative of -1/3*a**4 + 3/20*a**5 - 1/120*a**6 - a**2 + 1/2*a**3 + 0*a + 0. Let o be j(8). Let s(q) = q**2 - 2*q + 3. Give s(o).
6
Let q(z) be the second derivative of 5*z**4/12 + z**3/6 + z**2/2 + 3*z. Let h = 64 - 48. Suppose h*i + 3 = 13*i. What is q(i)?
5
Let d(h) be the second derivative of 3*h**5/20 + h**4/12 - h**3/6 + h**2 - 7222*h. Give d(1).
5
Let w(t) be the second derivative of -t**4/12 + 2*t**3 + 4*t**2 + 2614*t - 1. Suppose 0 = -3*r - r, -5*d + 4*r = -60. What is w(d)?
8
Let i(y) = -y**3 - 17*y**2 - 6*y - 101. Let k be i(-17). Let r(s) = 17*s**3 + s**2 - s + 1. Give r(k).
18
Let p(r) be the first derivative of r**3/3 - r**2 - 5*r + 1043. Give p(3).
-2
Let s be 20 + -14 + (1 + -2 - 2). Let h(d) be the third derivative of -d**6/120 + d**5/20 - d**4/24 - 16*d**2 + 3*d. Determine h(s).
-3
Let d(t) = t + 3. Suppose 2 - 23 = -7*j. Let b(o) = 2*o + 23. Let h be b(-8). Let a = h - j. Give d(a).
7
Let f(j) be the second derivative of -94*j + 0 + 0*j**2 - 10/3*j**3. Determine f(1).
-20
Let j(o) = -o**3 + 3*o**2 + 10. Let h = -997 - -1000. What is j(h)?
10
Let g(m) be the second derivative of 37*m**3/6 + 183*m**2/2 + 195*m. Let r be g(-5). Let f(z) = 9*z + 10. Determine f(r).
-8
Let o = 3382 - 3379. Let l(s) = -s**3 + 2*s**2 + 9*s - 11. Calculate l(o).
7
Let a(n) = -3*n - 2. Suppose m + 24 = 5*m + 4*i, 3*i = -m + 8. Let q be ((-2)/(-2)*30)/(15 + -13). Suppose -m*z + q*z = -20. Give a(z).
4
Let s = 15209 + -15197. Let c(x) = -x**2 + 9*x + 36. Determine c(s).
0
Suppose -9*v + 31*v + 935 = 231. Let o(u) = 6*u + 194. Give o(v).
2
Let u = 4 + -10. Suppose 0 = -3*p + b, -2*b = -0*b - 6. Let g(l) = -3*l - 7*l + 6 + p + 12*l. Determine g(u).
-5
Let g(b) be the first derivative of b**3/3 - 9*b**2/2 + 8*b + 7049. Suppose j = -j + 24. Suppose -j = -3*n + n. Give g(n).
-10
Let j(q) = -q**2 + q + 26. Let f(r) = -4*r**3 + 29*r**2 + 14*r + 75. Let c be f(8). What is j(c)?
-4
Let i(s) be the first derivative of -s**2 + s + 75. Let w = -1 + 15. Let a = -13 + w. Determine i(a).
-1
Let r(u) be the third derivative of u**6/120 + u**5/4 - u**4/12 - u**3/2 + u**2 - 862*u. Determine r(-15).
27
Let z be 6/4 + (-19)/38 - 7. Let m(k) = k - 3. Determine m(z).
